{"id":3057,"date":"2022-01-25T15:49:57","date_gmt":"2022-01-25T15:49:57","guid":{"rendered":"https:\/\/cursosonline.sexducacion.com\/?page_id=3057"},"modified":"2022-01-25T15:59:11","modified_gmt":"2022-01-25T15:59:11","slug":"condiciones-generales-de-compra","status":"publish","type":"page","link":"https:\/\/cursosonline.sexducacion.com\/cat\/condiciones-generales-de-compra\/","title":{"rendered":"Condicions generals de compra"},"content":{"rendered":"\n[et_pb_section fb_built=&#8221;1&#8243; _builder_version=&#8221;4.14.1&#8243; _module_preset=&#8221;default&#8221; global_colors_info=&#8221;{}&#8221; theme_builder_area=&#8221;post_content&#8221;][et_pb_row _builder_version=&#8221;4.14.1&#8243; _module_preset=&#8221;default&#8221; global_colors_info=&#8221;{}&#8221; theme_builder_area=&#8221;post_content&#8221;][et_pb_column type=&#8221;4_4&#8243; _builder_version=&#8221;4.14.1&#8243; _module_preset=&#8221;default&#8221; global_colors_info=&#8221;{}&#8221; theme_builder_area=&#8221;post_content&#8221;][et_pb_text _builder_version=&#8221;4.14.1&#8243; _module_preset=&#8221;default&#8221; hover_enabled=&#8221;0&#8243; global_colors_info=&#8221;{}&#8221; theme_builder_area=&#8221;post_content&#8221; sticky_enabled=&#8221;0&#8243;]<h2><strong>Condiciones generales de compra<\/strong><\/h2>\n<p>&nbsp;<\/p>\n<p><span>Estas son las condiciones\u00a0 que regir\u00e1n la compra de alguno de los servicios:<\/span><\/p>\n<ul>\n<li aria-level=\"1\"><span>Cursos online<\/span><\/li>\n<li aria-level=\"1\"><span>Consulta online en cualquiera de su formas: online, presencial o por tel\u00e9fono<\/span><\/li>\n<\/ul>\n<p><span>Si despu\u00e9s de leer este aviso de condiciones generales de compra no est\u00e1s de acuerdo con alguna o con todas las condiciones, no realices la compra.<\/span><\/p>\n<p><span>Este aviso de condiciones de compra de sexducacion se ha redactado siguiendo las indicaciones de la Ley de Servicios de\u00a0<\/span><\/p>\n<p>&nbsp;<\/p>\n<p><b>QUI\u00c9N ES SEXDUCACION<\/b><\/p>\n<p><span>Denominaci\u00f3n social:\u00a0<\/span><a href=\"https:\/\/www.sexducacion.com\/\"><span>www.sexducacion.com<\/span><\/a><\/p>\n<p><span>Mar\u00eda Guadalupe Garc\u00eda Rodr\u00edguez : Responsable de tratamiento de los datos personales<\/span><\/p>\n<p><span>NIF: 51.416.959E<\/span><\/p>\n<p><span>Domicilio social: Calle Pav\u00eda n\u00fam 34, principal 2. 08028 (Barcelona)<\/span><\/p>\n<p><span>Email: sexducacion@gmail.com<\/span><\/p>\n<p><span>Actividad social: educaci\u00f3n, formaci\u00f3n y asesoramiento sexol\u00f3gico.<\/span><\/p>\n<p><span>Los datos personales que nos prestar\u00e1s los incorporamos al registro de actividades de tratamiento (RAT). En \u00e9l est\u00e1n definidos todos los tratamientos de datos que realizamos y las medidas de seguridad que aplicamos.<\/span><\/p>\n<p>&nbsp;<\/p>\n<p><b>C\u00d3MO COMPRAR LOS SERVICIOS DE SEXDUCACION<\/b><\/p>\n<p><span>\u00a0\u00a0<\/span><\/p>\n<p><span>Los detalles de cada servicio formaci\u00f3n o asesoramiento lo encontrar\u00e1s detallado en cada ficha del servicio.\u00a0\u00a0<\/span><\/p>\n<p><span>Mar\u00eda Guadalupe Garc\u00eda Rodr\u00edguez se reserva el derecho de admisi\u00f3n en cada actividad formativa y en los servicios de asesoramiento.\u00a0<\/span><\/p>\n<p><span>Para realizar la compra de cualquiera de los servicios tienes que enviar un email con un\u00a0<\/span><span>peque\u00f1o texto (m\u00e1ximo dos hojas), sobre el problema, duda o dificultad.<\/span><\/p>\n<p><span>Esa informaci\u00f3n ser\u00e1 confidencial.\u00a0<\/span><\/p>\n<p>&nbsp;<\/p>\n<p><b>FORMA DE PAGO<\/b><\/p>\n<p><span>La forma de pago admitida ser\u00e1:<\/span><\/p>\n<p><span>Transferencia bancaria para personas con residencia en Espa\u00f1a.<\/span><\/p>\n<p><span>Pago a trav\u00e9s de Western Union<\/span><\/p>\n<p><span>Pago a trav\u00e9s de Paypal.<\/span><\/p>\n<p><span>El precio se abonar\u00e1 al inicio del servicio contratado de asesoramiento, consulting o actividad formativa.<\/span><\/p>\n<p><span>Despu\u00e9s de haber realizado tu compra en l\u00ednea, e<\/span><span>l precio final del servicio de asesoramiento o de formaci\u00f3n lleva el IVA aplicable en Espa\u00f1a incorporado.<\/span><\/p>\n<p><span>El tipo de IVA aplicable ser\u00e1 el legalmente vigente en cada momento en funci\u00f3n del servicio concreto de que se trate.\u00a0<\/span><\/p>\n<p><span>Su valor viene expresado en euros (\u20ac)<\/span><\/p>\n<p><span>Sexducacion emitir\u00e1 la correspondiente factura. Para ello te solicitaremos los datos fiscales necesarios.\u00a0<\/span><\/p>\n<p>&nbsp;<\/p>\n<p><b>FECHA DE REALIZACI\u00d3N\u00a0<\/b><\/p>\n<p><span>Los servicios de asesor\u00eda se realizar\u00e1n de acuerdo al plazo pactado.\u00a0<\/span><\/p>\n<p><span>Los servicios de formaci\u00f3n se iniciar\u00e1n en la fecha indicada en la web.<\/span><\/p>\n<p><span>\u00a0\u00a0<\/span><\/p>\n<p><b>DEVOLUCIONES Y POL\u00cdTICA DE CANCELACI\u00d3N<\/b><\/p>\n<p><span>En la compra de alguno de los servicios de consultor\u00eda se devolver\u00e1 el importe abonado siempre que no se haya iniciado el servicio contratado.<\/span><\/p>\n<p><span>Plazo de desistimiento<\/span><\/p>\n<table>\n<tbody>\n<tr>\n<td><span>Servicios de asesor\u00eda\u00a0<\/span><\/td>\n<td><span>Formaci\u00f3n online o presencial\u00a0<\/span><\/td>\n<\/tr>\n<tr>\n<td><span>El plazo de desistimiento 1 semana antes de su realizaci\u00f3n\u00a0<\/span><\/td>\n<td><span>El plazo de desistimiento es de 15 d\u00edas antes del inicio\u00a0<\/span><\/td>\n<\/tr>\n<tr>\n<td><span>Devoluci\u00f3n del importe pagado en 72 horas.\u00a0<\/span><\/td>\n<td><span>Devoluci\u00f3n del importe pagado en 72 horas.\u00a0<\/span><\/td>\n<\/tr>\n<\/tbody>\n<\/table>\n<p>&nbsp;<\/p>\n<p><span>Cuando el pago se haya realizado mediante transferencia bancaria, la cliente o clienta se har\u00e1 cargo de la comisi\u00f3n bancaria generada por la devoluci\u00f3n del importe.\u00a0\u00a0<\/span><\/p>\n<p><span>\u00a0<\/span><\/p>\n<p><b>PROTECCI\u00d3N DE DATOS.<\/b><span><\/span><\/p>\n<p><span>En el aviso de privacidad encontrar\u00e1s detallado toda la informaci\u00f3n sobre la pol\u00edtica de privacidad<\/span><\/p>\n<p><span>Al comprar alguno de los servicios de consultor\u00eda o de formaci\u00f3n te pediremos una serie de datos personales que son necesarios para realizar la compra. Los datos solicitados son los m\u00ednimos indispensables.\u00a0<\/span><\/p>\n<p><span>La petici\u00f3n que realizamos de los datos personales est\u00e1 amparada en la base legal de celebraci\u00f3n del contrato.\u00a0\u00a0<\/span><\/p>\n<p><span>\u00a0<\/span><\/p>\n<p><b>LEGISLACI\u00d3N APLICABLE Y JURISDICCI\u00d3N<\/b><\/p>\n<p><span>Las condiciones legales que te hemos detallado en este aviso de condiciones de compra se han redactado de acuerdo con la ley espa\u00f1ola.\u00a0<\/span><\/p>\n<p><span>En caso de conflicto en la interpretaci\u00f3n de estas condiciones la jurisdicci\u00f3n competente ser\u00e1 la del domicilio de las personas que realizan la compra y de forma subsidiaria ser\u00e1n competentes los juzgados de Barcelona.\u00a0<\/span><\/p>\n<p>&nbsp;<\/p>\n<p><span>\u00a0<\/span><b>MODIFICACI\u00d3N DE LAS CONDICIONES GENERALES DE COMPRA<\/b><\/p>\n<p><span>Estas condiciones generales de compra podr\u00e1n ser modificadas en cualquier momento, por motivos de cambios en la legislaci\u00f3n o por la evoluci\u00f3n de esta web as\u00ed como de los servicios ofrecidos. En ese caso te informaremos.\u00a0<\/span><\/p>\n<p>&nbsp;<\/p>\n<p><b>ACEPTACI\u00d3N DE LAS CONDICIONES GENERALES DE VENTA<\/b><\/p>\n<p><span>Sexducacion te informa que al contratar alguno de los servicios de consultor\u00eda o de formaci\u00f3n presencial u online ofertadas en la web\u00a0<\/span><a href=\"https:\/\/www.sexducacion.com\/\"><span>www.cursosonline.sexducacion.com<\/span><\/a><span>\u00a0est\u00e1s aceptando el aviso legal el de condiciones generales de compra, el de privacidad y el de cookies.<\/span><\/p>[\/et_pb_text][\/et_pb_column][\/et_pb_row][\/et_pb_section]\n","protected":false},"excerpt":{"rendered":"<p>Condiciones generales de compra &nbsp; Estas son las condiciones\u00a0 que regir\u00e1n la compra de alguno de los servicios: Cursos online Consulta online en cualquiera de su formas: online, presencial o por tel\u00e9fono Si despu\u00e9s de leer este aviso de condiciones generales de compra no est\u00e1s de acuerdo con alguna o con todas las condiciones, no [&hellip;]<\/p>\n","protected":false},"author":1,"featured_media":0,"parent":0,"menu_order":0,"comment_status":"closed","ping_status":"closed","template":"","meta":{"_et_pb_use_builder":"on","_et_pb_old_content":"","_et_gb_content_width":"","footnotes":""},"class_list":["post-3057","page","type-page","status-publish","hentry"],"yoast_head":"<!-- This site is optimized with the Yoast SEO plugin v27.4 - https:\/\/yoast.com\/product\/yoast-seo-wordpress\/ -->\n<title>Condiciones generales de compra | Cursos Online Sexducacion<\/title>\n<meta name=\"robots\" content=\"index, follow, max-snippet:-1, max-image-preview:large, max-video-preview:-1\" \/>\n<link rel=\"canonical\" href=\"https:\/\/cursosonline.sexducacion.com\/cat\/condiciones-generales-de-compra\/\" \/>\n<meta property=\"og:locale\" content=\"ca_ES\" \/>\n<meta property=\"og:type\" content=\"article\" \/>\n<meta property=\"og:title\" content=\"Condiciones generales de compra | Cursos Online Sexducacion\" \/>\n<meta property=\"og:description\" content=\"Condiciones generales de compra &nbsp; Estas son las condiciones\u00a0 que regir\u00e1n la compra de alguno de los servicios: Cursos online Consulta online en cualquiera de su formas: online, presencial o por tel\u00e9fono Si despu\u00e9s de leer este aviso de condiciones generales de compra no est\u00e1s de acuerdo con alguna o con todas las condiciones, no [&hellip;]\" \/>\n<meta property=\"og:url\" content=\"https:\/\/cursosonline.sexducacion.com\/cat\/condiciones-generales-de-compra\/\" \/>\n<meta property=\"og:site_name\" content=\"Cursos Online Sexducacion\" \/>\n<meta property=\"article:publisher\" content=\"https:\/\/www.facebook.com\/sexducacion\" \/>\n<meta property=\"article:modified_time\" content=\"2022-01-25T15:59:11+00:00\" \/>\n<meta name=\"twitter:card\" content=\"summary_large_image\" \/>\n<meta name=\"twitter:site\" content=\"@sexducacion\" \/>\n<meta name=\"twitter:label1\" content=\"Temps estimat de lectura\" \/>\n\t<meta name=\"twitter:data1\" content=\"4 minuts\" \/>\n<script type=\"application\/ld+json\" class=\"yoast-schema-graph\">{\"@context\":\"https:\\\/\\\/schema.org\",\"@graph\":[{\"@type\":\"WebPage\",\"@id\":\"https:\\\/\\\/cursosonline.sexducacion.com\\\/condiciones-generales-de-compra\\\/\",\"url\":\"https:\\\/\\\/cursosonline.sexducacion.com\\\/condiciones-generales-de-compra\\\/\",\"name\":\"Condiciones generales de compra | Cursos Online Sexducacion\",\"isPartOf\":{\"@id\":\"https:\\\/\\\/cursosonline.sexducacion.com\\\/#website\"},\"datePublished\":\"2022-01-25T15:49:57+00:00\",\"dateModified\":\"2022-01-25T15:59:11+00:00\",\"breadcrumb\":{\"@id\":\"https:\\\/\\\/cursosonline.sexducacion.com\\\/condiciones-generales-de-compra\\\/#breadcrumb\"},\"inLanguage\":\"ca\",\"potentialAction\":[{\"@type\":\"ReadAction\",\"target\":[\"https:\\\/\\\/cursosonline.sexducacion.com\\\/condiciones-generales-de-compra\\\/\"]}]},{\"@type\":\"BreadcrumbList\",\"@id\":\"https:\\\/\\\/cursosonline.sexducacion.com\\\/condiciones-generales-de-compra\\\/#breadcrumb\",\"itemListElement\":[{\"@type\":\"ListItem\",\"position\":1,\"name\":\"Inicio\",\"item\":\"https:\\\/\\\/cursosonline.sexducacion.com\\\/\"},{\"@type\":\"ListItem\",\"position\":2,\"name\":\"Condiciones generales de compra\"}]},{\"@type\":\"WebSite\",\"@id\":\"https:\\\/\\\/cursosonline.sexducacion.com\\\/#website\",\"url\":\"https:\\\/\\\/cursosonline.sexducacion.com\\\/\",\"name\":\"Cursos Online Sexducacion\",\"description\":\"Aqu\u00ed encontrar\u00e1s todos los cursos online de Sexducaci\u00f3n impartidos por Lupe Garc\u00eda.\",\"publisher\":{\"@id\":\"https:\\\/\\\/cursosonline.sexducacion.com\\\/#organization\"},\"potentialAction\":[{\"@type\":\"SearchAction\",\"target\":{\"@type\":\"EntryPoint\",\"urlTemplate\":\"https:\\\/\\\/cursosonline.sexducacion.com\\\/?s={search_term_string}\"},\"query-input\":{\"@type\":\"PropertyValueSpecification\",\"valueRequired\":true,\"valueName\":\"search_term_string\"}}],\"inLanguage\":\"ca\"},{\"@type\":\"Organization\",\"@id\":\"https:\\\/\\\/cursosonline.sexducacion.com\\\/#organization\",\"name\":\"Sexducacion Cursos Online\",\"url\":\"https:\\\/\\\/cursosonline.sexducacion.com\\\/\",\"logo\":{\"@type\":\"ImageObject\",\"inLanguage\":\"ca\",\"@id\":\"https:\\\/\\\/cursosonline.sexducacion.com\\\/#\\\/schema\\\/logo\\\/image\\\/\",\"url\":\"https:\\\/\\\/i0.wp.com\\\/cursosonline.sexducacion.com\\\/wp-content\\\/uploads\\\/2022\\\/02\\\/Recurso-5@2x.png?fit=1819%2C545&ssl=1\",\"contentUrl\":\"https:\\\/\\\/i0.wp.com\\\/cursosonline.sexducacion.com\\\/wp-content\\\/uploads\\\/2022\\\/02\\\/Recurso-5@2x.png?fit=1819%2C545&ssl=1\",\"width\":1819,\"height\":545,\"caption\":\"Sexducacion Cursos Online\"},\"image\":{\"@id\":\"https:\\\/\\\/cursosonline.sexducacion.com\\\/#\\\/schema\\\/logo\\\/image\\\/\"},\"sameAs\":[\"https:\\\/\\\/www.facebook.com\\\/sexducacion\",\"https:\\\/\\\/x.com\\\/sexducacion\",\"https:\\\/\\\/www.instagram.com\\\/sexducacion\\\/\",\"https:\\\/\\\/www.youtube.com\\\/channel\\\/UC-hN3q5SIaWqtgFOYL9rkTg\"]}]}<\/script>\n<!-- \/ Yoast SEO plugin. -->","yoast_head_json":{"title":"Condiciones generales de compra | Cursos Online Sexducacion","robots":{"index":"index","follow":"follow","max-snippet":"max-snippet:-1","max-image-preview":"max-image-preview:large","max-video-preview":"max-video-preview:-1"},"canonical":"https:\/\/cursosonline.sexducacion.com\/cat\/condiciones-generales-de-compra\/","og_locale":"ca_ES","og_type":"article","og_title":"Condiciones generales de compra | Cursos Online Sexducacion","og_description":"Condiciones generales de compra &nbsp; Estas son las condiciones\u00a0 que regir\u00e1n la compra de alguno de los servicios: Cursos online Consulta online en cualquiera de su formas: online, presencial o por tel\u00e9fono Si despu\u00e9s de leer este aviso de condiciones generales de compra no est\u00e1s de acuerdo con alguna o con todas las condiciones, no [&hellip;]","og_url":"https:\/\/cursosonline.sexducacion.com\/cat\/condiciones-generales-de-compra\/","og_site_name":"Cursos Online Sexducacion","article_publisher":"https:\/\/www.facebook.com\/sexducacion","article_modified_time":"2022-01-25T15:59:11+00:00","twitter_card":"summary_large_image","twitter_site":"@sexducacion","twitter_misc":{"Temps estimat de lectura":"4 minuts"},"schema":{"@context":"https:\/\/schema.org","@graph":[{"@type":"WebPage","@id":"https:\/\/cursosonline.sexducacion.com\/condiciones-generales-de-compra\/","url":"https:\/\/cursosonline.sexducacion.com\/condiciones-generales-de-compra\/","name":"Condiciones generales de compra | Cursos Online Sexducacion","isPartOf":{"@id":"https:\/\/cursosonline.sexducacion.com\/#website"},"datePublished":"2022-01-25T15:49:57+00:00","dateModified":"2022-01-25T15:59:11+00:00","breadcrumb":{"@id":"https:\/\/cursosonline.sexducacion.com\/condiciones-generales-de-compra\/#breadcrumb"},"inLanguage":"ca","potentialAction":[{"@type":"ReadAction","target":["https:\/\/cursosonline.sexducacion.com\/condiciones-generales-de-compra\/"]}]},{"@type":"BreadcrumbList","@id":"https:\/\/cursosonline.sexducacion.com\/condiciones-generales-de-compra\/#breadcrumb","itemListElement":[{"@type":"ListItem","position":1,"name":"Inicio","item":"https:\/\/cursosonline.sexducacion.com\/"},{"@type":"ListItem","position":2,"name":"Condiciones generales de compra"}]},{"@type":"WebSite","@id":"https:\/\/cursosonline.sexducacion.com\/#website","url":"https:\/\/cursosonline.sexducacion.com\/","name":"Cursos Online Sexducacion","description":"Aqu\u00ed encontrar\u00e1s todos los cursos online de Sexducaci\u00f3n impartidos por Lupe Garc\u00eda.","publisher":{"@id":"https:\/\/cursosonline.sexducacion.com\/#organization"},"potentialAction":[{"@type":"SearchAction","target":{"@type":"EntryPoint","urlTemplate":"https:\/\/cursosonline.sexducacion.com\/?s={search_term_string}"},"query-input":{"@type":"PropertyValueSpecification","valueRequired":true,"valueName":"search_term_string"}}],"inLanguage":"ca"},{"@type":"Organization","@id":"https:\/\/cursosonline.sexducacion.com\/#organization","name":"Sexducacion Cursos Online","url":"https:\/\/cursosonline.sexducacion.com\/","logo":{"@type":"ImageObject","inLanguage":"ca","@id":"https:\/\/cursosonline.sexducacion.com\/#\/schema\/logo\/image\/","url":"https:\/\/i0.wp.com\/cursosonline.sexducacion.com\/wp-content\/uploads\/2022\/02\/Recurso-5@2x.png?fit=1819%2C545&ssl=1","contentUrl":"https:\/\/i0.wp.com\/cursosonline.sexducacion.com\/wp-content\/uploads\/2022\/02\/Recurso-5@2x.png?fit=1819%2C545&ssl=1","width":1819,"height":545,"caption":"Sexducacion Cursos Online"},"image":{"@id":"https:\/\/cursosonline.sexducacion.com\/#\/schema\/logo\/image\/"},"sameAs":["https:\/\/www.facebook.com\/sexducacion","https:\/\/x.com\/sexducacion","https:\/\/www.instagram.com\/sexducacion\/","https:\/\/www.youtube.com\/channel\/UC-hN3q5SIaWqtgFOYL9rkTg"]}]}},"jetpack_sharing_enabled":true,"_links":{"self":[{"href":"https:\/\/cursosonline.sexducacion.com\/cat\/wp-json\/wp\/v2\/pages\/3057","targetHints":{"allow":["GET"]}}],"collection":[{"href":"https:\/\/cursosonline.sexducacion.com\/cat\/wp-json\/wp\/v2\/pages"}],"about":[{"href":"https:\/\/cursosonline.sexducacion.com\/cat\/wp-json\/wp\/v2\/types\/page"}],"author":[{"embeddable":true,"href":"https:\/\/cursosonline.sexducacion.com\/cat\/wp-json\/wp\/v2\/users\/1"}],"replies":[{"embeddable":true,"href":"https:\/\/cursosonline.sexducacion.com\/cat\/wp-json\/wp\/v2\/comments?post=3057"}],"version-history":[{"count":0,"href":"https:\/\/cursosonline.sexducacion.com\/cat\/wp-json\/wp\/v2\/pages\/3057\/revisions"}],"wp:attachment":[{"href":"https:\/\/cursosonline.sexducacion.com\/cat\/wp-json\/wp\/v2\/media?parent=3057"}],"curies":[{"name":"wp","href":"https:\/\/api.w.org\/{rel}","templated":true}]}}